{"id":49,"date":"2010-10-04T00:14:40","date_gmt":"2010-10-03T22:14:40","guid":{"rendered":"http:\/\/elmonasteriodelcobro.com\/?page_id=49"},"modified":"2013-10-10T12:42:18","modified_gmt":"2013-10-10T10:42:18","slug":"revista-interviu","status":"publish","type":"page","link":"https:\/\/elmonasteriodelcobro.com\/index.php\/revista-interviu\/","title":{"rendered":"Revista Interviu"},"content":{"rendered":"<p><span style=\"color: #000000; font-family: 'Times New Roman';\"><span style=\"line-height: normal; font-size: medium;\">\u00a0<\/span><\/span><\/p>\n<p style=\"margin-top: 10px; margin-right: 0px; margin-bottom: 15px; margin-left: 0px; text-align: center; padding: 0px;\" align=\"center\">MOROSOS:<\/p>\n<p style=\"margin-top: 10px; margin-right: 0px; margin-bottom: 15px; margin-left: 0px; text-align: center; padding: 0px;\" align=\"center\"><em>LOS RICOS TAMBI\u00c9N DEBEN<\/em><\/p>\n<p style=\"margin-top: 10px; margin-right: 0px; margin-bottom: 15px; margin-left: 0px; text-align: center; padding: 0px;\" align=\"left\"><em>ARTICULO PUBLICADO EN LA REVISTA INTERVIU DEL 6 DE ABRIL DE 1997. (N\u00daMERO 1.092)<\/em><\/p>\n<p style=\"color: #000000; font-family: 'Times New Roman'; line-height: normal; font-size: medium;\"><span style=\"color: #ffffff; font-family: Arial, Helvetica, sans-serif; font-size: 12px; line-height: 18px;\"><img fetchpriority=\"high\" decoding=\"async\" class=\" size-full wp-image-47\" style=\"display: block; margin-left: auto; margin-right: auto;\" alt=\"\" src=\"http:\/\/elmonasteriodelcobro.com\/wp-content\/uploads\/2010\/10\/monje1.jpg\" width=\"266\" height=\"592\" \/><\/span><\/p>\n<p style=\"color: #000000; font-family: 'Times New Roman'; line-height: normal; font-size: medium; text-align: justify;\"><span style=\"color: #808080;\"><em>Si es usted un moroso o piensa serlo, tenga cuidado. La tecnolog\u00eda puede jugarle una mala pasada. Si no se acuerda de haber devuelto un recibo de la lavadora puede encontrarse con la sorpresa de que su nombre aparezca en un lista de deudores al pedir un cr\u00e9dito para comprar el televisor. Peor a\u00fan: cualquier d\u00eda tres &#8216;monjes&#8217; pueden presentarse en la puerta de su casa y hacerle una reclamaci\u00f3n , en nombre de una empresa especializada en cobrar deudas. Si adem\u00e1s es famoso, cumple todos los requisitos para formar parte de un selecto club llamado Lista de Morosos .<\/em><\/span><\/p>\n<p style=\"color: #000000; font-family: 'Times New Roman'; line-height: normal; font-size: medium; text-align: justify;\"><span style=\"color: #808080;\">Que todo el mundo ha tenido alguna vez deudas es una cuesti\u00f3n innegable. Desde el que pide 1 .000 pesetas al compa\u00f1ero para pagar un taxi, hasta el invitado a comer un d\u00eda por el resto de los comensales, son usos habituales en el \u00e1mbito laboral. Cuando estas deudas se convierten en oficiales, es decir, cuando existe una factura, un cheque o una letra de cambio que nunca fue correspondida, las cosas se complican. El Registro de Aceptos Impagados (RAI) Contiene casi tres millones de nombres en su base de datos.<\/span><\/p>\n<p style=\"color: #000000; font-family: 'Times New Roman'; line-height: normal; font-size: medium; text-align: justify;\"><span style=\"color: #808080;\">Todas las personas que figuran en el RAI lo hacen por diferentes motivos: desde el que ha pagado con un cheque sin fondos la reparaci\u00f3n de su coche, hasta el que no ha dado importancia al vencimiento de una letra de la hipoteca del piso. Entrar en el RAI, el archivo de la Asociaci\u00f3n Espa\u00f1ola de la Banca, manejado por todos los bancos y cajas de ahorro de este pa\u00eds, es sencillo: cualquier entidad de cr\u00e9dito puede incluir el nombre del deudor cuando presente un impago m\u00ednimo de 50.000pesetas.<\/span><\/p>\n<p style=\"color: #000000; font-family: 'Times New Roman'; line-height: normal; font-size: medium; text-align: justify;\"><span style=\"color: #808080;\">Hermano gemelo del RAI en importancia, aunque no en finalidad, es el ASNEF o fichero de la Asociaci\u00f3n Nacional de Entidades Financieras, que dispone de 1.800.000 registros, de los que el 15 por ciento corresponde a personas jur\u00eddicas, es decir, a empresas. El RAI y el ASNEF son los registros de morosos de \u00e1mbito nacional m\u00e1s importantes, aunque tampoco se queda atr\u00e1s el BDI, que es el fichero de la firma Interpr\u00e9s, dedicada a la realizaci\u00f3n de informes comerciales. La tecnolog\u00eda ha avanzado tanto que ya es posible acceder al registro de morosos de algunas entidades v\u00eda Internet mediante el pago de una cuota anual de 20.000 pesetas.<\/span><\/p>\n<p style=\"color: #000000; font-family: 'Times New Roman'; line-height: normal; font-size: medium; text-align: justify;\"><span style=\"color: #808080;\">Que a uno le incluyan en cualquiera de los tres registros anteriores es f\u00e1cil. Las maneras de hacerlo son tres : aparecer en la notificaci\u00f3n de un edicto, en un diario oficial o en el tabl\u00f3n de anuncios de cualquier juzgado. La segunda forma es que el propio moroso facilite la informaci\u00f3n a uno de estos ficheros, cosa que, l\u00f3gicamente, raras veces ocurre. La tercera consiste en que sea el acreedor -circunstancia muy frecuente- quien d\u00e9 el chivatazo a una de estas organizaciones, aunque para ello debe demostrar,seg\u00fan marca la ley, la veracidad de lo que denuncia.<\/span><\/p>\n<p style=\"color: #000000; font-family: 'Times New Roman'; line-height: normal; font-size: medium; text-align: justify;\"><span style=\"color: #808080;\">Este tercer punto levant\u00f3 cierta controversia hace a\u00f1os, ya que el acreedor presionaba al moroso con la inclusi\u00f3n de su nombre en una base de datos para intentar cobrar la deuda. La Agencia de Protecci\u00f3n de Datos dict\u00f3 una resoluci\u00f3n mediante la cual no se pod\u00eda incluir a nadie en estos ficheros mientras se estuviese discutiendo la deuda en cuesti\u00f3n. Sobre este \u00faltimo problema, Jacobo de Salas, asesor jur\u00eddico de la Asociaci\u00f3n de Usuarios de Banca (Ausbanc), afirma que \u00bb en ocasiones se puede dar el caso de que algunos de los datos contenidos en los ficheros sean incorrectos, y ese es el momento de determinar responsabilidades,. la mayor\u00eda de las cuales son del suministrador de la informaci\u00f3n, que en la mayor\u00eda de estos casos es el acreedor. aunque tambi\u00e9n puede ser la Administraci\u00f3n \u00bb .<\/span><\/p>\n<p><img decoding=\"async\" class=\"alignleft\" alt=\"\" src=\"http:\/\/elmonasteriodelcobro.com\/wp-content\/uploads\/2010\/10\/monjeinter2.jpg\" width=\"425\" height=\"384\" \/><\/p>\n<p style=\"color: #000000; font-family: 'Times New Roman'; line-height: normal; font-size: medium; text-align: justify;\"><span style=\"color: #808080;\"><strong>El Monasterio, en acci\u00f3n<\/strong><\/span><\/p>\n<p style=\"color: #000000; font-family: 'Times New Roman'; line-height: normal; font-size: medium; text-align: justify;\"><span style=\"color: #808080;\">Si entrar parece f\u00e1cil, salir de estos registros informatizados resulta harto dif\u00edcil. S\u00f3lo existe una manera de hacerlo, que consiste en demostrar que se ha cancelado la deuda y, aun as\u00ed, pasa al menos un mes hasta que un nombre deja de constar en los archivos. Esta circunstancia ocasiona a veces perjuicios a los que han tenido deu- das, por peque\u00f1as que sean, ya que los bancos se niegan sistem\u00e1ticamente a conceder cr\u00e9ditos a cualquiera que est\u00e9 fichado: lo primero que hacen las entidades financieras es comprobar si el solicitante del cr\u00e9dito o alguna de sus empresas deben dinero.<\/span><\/p>\n<p style=\"color: #000000; font-family: 'Times New Roman'; line-height: normal; font-size: medium; text-align: justify;\"><span style=\"color: #808080;\">Cuando los juzgados no logran poner orden entre acreedor y deudor es cuando entran en acci\u00f3n las empresas especializadas en el cobro a morosos.<\/span><\/p>\n<p style=\"color: #000000; font-family: 'Times New Roman'; line-height: normal; font-size: medium; text-align: justify;\"><span style=\"color: #808080;\">Una de las m\u00e1s importantes tiene el llamativo nombre de\u00a0<strong>El Monasterio del Cobro<\/strong>, cuyos empleados, ataviados con h\u00e1bitos de monjes del siglo XVIII, se dedican a perseguir a los deudores por las calles de cualquier ciudad de Espa\u00f1a record\u00e1ndoles la obligaci\u00f3n que tienen de hacer frente a sus compromisos econ\u00f3micos. Su frase preferida para abordar a los morosos es \u00e9sta: \u00bb Hermano, antes ped\u00eda limosna, pero ahora vengo a cobrarme una deuda\u00bb.<\/span><\/p>\n<p style=\"color: #000000; font-family: 'Times New Roman'; line-height: normal; font-size: medium; text-align: justify;\"><span style=\"color: #808080;\">El sistema es casi infalible, ya que para el deudor supone un descr\u00e9dito importante verse perseguido por las calles de su barrio, en su oficina o en su lugar de vacaciones, por tres frailes que con aire lastimero le reclaman una deuda. Adem\u00e1s, El Monasterio del Cobro informa a los vecinos del moroso que lo deseen acerca de las deudas que \u00e9ste ha contra\u00eddo y que se niega a pagar.<\/span><\/p>\n<p style=\"color: #000000; font-family: 'Times New Roman'; line-height: normal; font-size: medium; text-align: justify;\"><span style=\"color: #808080;\">Estos frailes disponen de una base de datos que posee 1.981.000 registros, cuyos titulares se han visto alguna vez afectados por un procedimiento judicial. Sus clientes no suelen ser famosos, aunque s\u00ed lo han sido muchas de sus v\u00edctimas, como el empresario Carlos Salda\u00f1a Barroso, due\u00f1o del sevillano pub Arny; el humorista Manolo de Vega o Juan Domingo D\u00edaz Ambrona, hijo de un ex ministro del anterior r\u00e9gimen.<\/span><\/p>\n<p style=\"color: #000000; font-family: 'Times New Roman'; line-height: normal; font-size: medium; text-align: justify;\"><span style=\"color: #808080;\">La resoluci\u00f3n de algunos casos famosos han sido encargados a\u00a0<strong>El Monasterio del Cobro<\/strong>, como el del ya citado Salda\u00f1a ,quien tambi\u00e9n era administrador \u00fanico de la empresa Azaroset, dedicada a la \u00abexplotaci\u00f3n de m\u00e1quinas recreativas de azar\u00bb en Sevilla. Otras dos empresas, Esparter\u00eda Juan Pe\u00f1a y Gonz\u00e1lez Alhama S. L., reclamaron judicialmente a Azaroset el pago de una deuda. Los primeros denunciaron impagos por un total de 2.745.600 pesetas por la compra de unas cestas de regalo, y los segundos reclamaron 602.000 pesetas por la venta de un cami\u00f3n de arroz. Carlos Salda\u00f1a se comprometi\u00f3 con ellos a pagar 50.000 pesetas mensuales para amortizar las deudas, pero nunca cumpli\u00f3 su palabra. Actualmente los locales que tiene Azaroset en la capital andaluza est\u00e1n embargados por Caja de Madrid seg\u00fan la informaci\u00f3n facilitada por El Monasterio del Cobro.<\/span><\/p>\n<p style=\"color: #000000; font-family: 'Times New Roman'; line-height: normal; font-size: medium; text-align: justify;\"><span style=\"color: #808080;\">Hijo del \u00faltimo ministro de Agricultura del r\u00e9gimen anterior, Juan Domingo D\u00edaz Ambrona, de 56 a\u00f1os de edad, fue director general de Administraci\u00f3n Local, ex presidente de la Diputaci\u00f3n de Badajoz, diputado a Cortes y ex jefe de las delegaciones de Hacienda en C\u00e1ceres y Badajoz. Tambi\u00e9n fue secretario del consejo de administraci\u00f3n y asesor jur\u00eddico de la Empresa Nacional de Turismo y en la actualidad ocupa el cargo de miembro de la Corte de Arbitraje de Madrid. D\u00edaz Ambrona adeuda a la sociedad Palica S. A., seg\u00fan El Monasterio del Cobro, la cantidad de 9.326.738 pesetas en concepto de alquiler de su domicilio una deuda que \u00e9l mismo reconoci\u00f3 ante un notario, am\u00e9n de firmar varias letras en blanco.<\/span><\/p>\n<p style=\"color: #000000; font-family: 'Times New Roman'; line-height: normal; font-size: medium; text-align: justify;\"><span style=\"color: #808080;\">El nombre de Manuel Rafael de Vega Alonso quiz\u00e1s no diga nada a quien lo lea, pero seguro que todo el mundo conoce a Manolo de Vega.Seg\u00fan los ya citados especialistas en el cobro de morosos, este humorista, que alcanz\u00f3 cierta popularidad hace unos a\u00f1os, alquil\u00f3 un chalet en la localidad madrile\u00f1a de Las Rozas, en la calle Moncayo, pero dej\u00f3 a deber al due\u00f1o 3.286.213 pesetas en concepto de alquiler. Manolo de Vega y su esposa firmaron varios reconocimientos de deuda. El primero de ellos por 1.884.153 pesetas, correspondiente a la renta entre el 1 de enero de 1994 y el 31 de julio de 1995. Tambi\u00e9n reconoci\u00f3 deber 762.003 pesetas \u00aben concepto de atrasos por el alquiler y consumos en el pago de la renta del piso de mi propiedad durante el periodo comprendido del 1\/8\/95 al 29\/2\/96 y que los referidos se\u00f1ores (el matrimonio De Vega) ocupan en r\u00e9gimen de alquiler\u00bb.<\/span><\/p>\n","protected":false},"excerpt":{"rendered":"<p>\u00a0 MOROSOS: LOS RICOS TAMBI\u00c9N DEBEN ARTICULO PUBLICADO EN LA REVISTA INTERVIU DEL 6 DE ABRIL DE 1997. (N\u00daMERO 1.092) Si es usted un moroso o piensa serlo, tenga cuidado. La tecnolog\u00eda puede jugarle una mala pasada. Si no se &hellip; <a href=\"https:\/\/elmonasteriodelcobro.com\/index.php\/revista-interviu\/\">Sigue leyendo <span class=\"meta-nav\">&rarr;<\/span><\/a><\/p>\n","protected":false},"author":1,"featured_media":47,"parent":0,"menu_order":6,"comment_status":"closed","ping_status":"closed","template":"","meta":{"footnotes":""},"class_list":["post-49","page","type-page","status-publish","has-post-thumbnail","hentry"],"_links":{"self":[{"href":"https:\/\/elmonasteriodelcobro.com\/index.php\/wp-json\/wp\/v2\/pages\/49","targetHints":{"allow":["GET"]}}],"collection":[{"href":"https:\/\/elmonasteriodelcobro.com\/index.php\/wp-json\/wp\/v2\/pages"}],"about":[{"href":"https:\/\/elmonasteriodelcobro.com\/index.php\/wp-json\/wp\/v2\/types\/page"}],"author":[{"embeddable":true,"href":"https:\/\/elmonasteriodelcobro.com\/index.php\/wp-json\/wp\/v2\/users\/1"}],"replies":[{"embeddable":true,"href":"https:\/\/elmonasteriodelcobro.com\/index.php\/wp-json\/wp\/v2\/comments?post=49"}],"version-history":[{"count":4,"href":"https:\/\/elmonasteriodelcobro.com\/index.php\/wp-json\/wp\/v2\/pages\/49\/revisions"}],"predecessor-version":[{"id":837,"href":"https:\/\/elmonasteriodelcobro.com\/index.php\/wp-json\/wp\/v2\/pages\/49\/revisions\/837"}],"wp:featuredmedia":[{"embeddable":true,"href":"https:\/\/elmonasteriodelcobro.com\/index.php\/wp-json\/"}],"wp:attachment":[{"href":"https:\/\/elmonasteriodelcobro.com\/index.php\/wp-json\/wp\/v2\/media?parent=49"}],"curies":[{"name":"wp","href":"https:\/\/api.w.org\/{rel}","templated":true}]}}