{"id":31,"date":"2010-09-30T00:44:06","date_gmt":"2010-09-29T22:44:06","guid":{"rendered":"http:\/\/elmonasteriodelcobro.com\/?page_id=31"},"modified":"2016-11-18T20:02:16","modified_gmt":"2016-11-18T18:02:16","slug":"informes-comerciales","status":"publish","type":"page","link":"https:\/\/elmonasteriodelcobro.com\/index.php\/informes-comerciales\/","title":{"rendered":"Informes comerciales"},"content":{"rendered":"<h4><a href=\"http:\/\/elmonasteriodelcobro.com\/index.php\/informes-gratis\/\">INFORMES COMERCIALES<\/a><\/h4>\n<p align=\"left\">Gracias a nuestro voluminoso <a href=\"http:\/\/elmonasteriodelcobro.com\/index.php\/informes-gratis\/\">Banco de Datos <strong>(B.E.I.)<\/strong><\/a>, disponemos de toda la informaci\u00f3n que Vd. puede llegar a necesitar para asegurar el \u00e9xito en sus operaciones comerciales.<\/p>\n<p align=\"left\">Esta informaci\u00f3n contiene desde los bancos con los que opera, pasando por los clientes, proveedores, activos y pasivos de las sociedades e, incluso, el patrimonio con el que cuentan los propios socios, etc.<\/p>\n<p align=\"center\"><a href=\"http:\/\/elmonasteriodelcobro.com\/index.php\/informes-gratis\/\"><strong>Eval\u00fae a sus clientes y no se deje devaluar por los morosos.<\/strong><\/a><\/p>\n<p><a href=\"http:\/\/elmonasteriodelcobro.com\/wp-content\/uploads\/banner-monas.gif\"><img fetchpriority=\"high\" decoding=\"async\" class=\"size-full wp-image-193 aligncenter\" src=\"http:\/\/elmonasteriodelcobro.com\/wp-content\/uploads\/banner-monas.gif\" alt=\"banner-monas\" width=\"350\" height=\"350\" \/><\/a><\/p>\n<hr \/>\n","protected":false},"excerpt":{"rendered":"<p>INFORMES COMERCIALES Gracias a nuestro voluminoso Banco de Datos (B.E.I.), disponemos de toda la informaci\u00f3n que Vd. puede llegar a necesitar para asegurar el \u00e9xito en sus operaciones comerciales. Esta informaci\u00f3n contiene desde los bancos con los que opera, pasando &hellip; <a href=\"https:\/\/elmonasteriodelcobro.com\/index.php\/informes-comerciales\/\">Sigue leyendo <span class=\"meta-nav\">&rarr;<\/span><\/a><\/p>\n","protected":false},"author":1,"featured_media":0,"parent":0,"menu_order":6,"comment_status":"closed","ping_status":"closed","template":"","meta":{"footnotes":""},"class_list":["post-31","page","type-page","status-publish","hentry"],"_links":{"self":[{"href":"https:\/\/elmonasteriodelcobro.com\/index.php\/wp-json\/wp\/v2\/pages\/31","targetHints":{"allow":["GET"]}}],"collection":[{"href":"https:\/\/elmonasteriodelcobro.com\/index.php\/wp-json\/wp\/v2\/pages"}],"about":[{"href":"https:\/\/elmonasteriodelcobro.com\/index.php\/wp-json\/wp\/v2\/types\/page"}],"author":[{"embeddable":true,"href":"https:\/\/elmonasteriodelcobro.com\/index.php\/wp-json\/wp\/v2\/users\/1"}],"replies":[{"embeddable":true,"href":"https:\/\/elmonasteriodelcobro.com\/index.php\/wp-json\/wp\/v2\/comments?post=31"}],"version-history":[{"count":5,"href":"https:\/\/elmonasteriodelcobro.com\/index.php\/wp-json\/wp\/v2\/pages\/31\/revisions"}],"predecessor-version":[{"id":1122,"href":"https:\/\/elmonasteriodelcobro.com\/index.php\/wp-json\/wp\/v2\/pages\/31\/revisions\/1122"}],"wp:attachment":[{"href":"https:\/\/elmonasteriodelcobro.com\/index.php\/wp-json\/wp\/v2\/media?parent=31"}],"curies":[{"name":"wp","href":"https:\/\/api.w.org\/{rel}","templated":true}]}}