{"id":55,"date":"2010-10-21T08:57:47","date_gmt":"2010-10-21T06:57:47","guid":{"rendered":"http:\/\/elmonasteriodelcobro.com\/?page_id=55"},"modified":"2013-10-10T11:49:02","modified_gmt":"2013-10-10T09:49:02","slug":"gestion-de-cartera-de-clientes","status":"publish","type":"page","link":"http:\/\/elmonasteriodelcobro.com\/index.php\/gestion-de-cartera-de-clientes\/","title":{"rendered":"Gestion de cartera de clientes"},"content":{"rendered":"<p align=\"center\"><strong>EL MONASTERIO DEL COBRO ES LA UNICA COMPA\u00d1IA DEL SECTOR QUE SE ADAPTA A SUS NECESIDADES.<\/strong><\/p>\n<p style=\"text-align: justify;\">Nuestros clientes dispondr\u00e1n de unos ejecutivos, expertos en gesti\u00f3n de cobros, sin la carga de tenerlos en n\u00f3mina dentro de la compa\u00f1\u00eda y cuya relaci\u00f3n se regular\u00e1 en un Contrato de Colaboraci\u00f3n Profesional y prestaci\u00f3n de servicios entre sociedades, como regla general, efectuando en algunas ocasiones que, si a nuestro cliente le interesa un contrato de CESION DE DEUDA, para desvincularle totalmente del caso.<\/p>\n<p style=\"text-align: justify;\">Nuestro valor a\u00f1adido en la colaboraci\u00f3n con nuestros clientes se establece en la calidad de nuestros trabajos basados en nuestra dedicaci\u00f3n, nuestra experiencia y capacitaci\u00f3n. En base a que ninguna compa\u00f1\u00eda, hoy d\u00eda, puede proporcionar toda la cantidad y variedad de servicios y soluciones que demandan nuestros clientes, <strong>EL MONASTERIO DEL COBRO<\/strong> est\u00e1 firmemente decidida a complementar al m\u00e1ximo sus ofertas con el compromiso m\u00e1s fiel de profesionalidad y garant\u00eda al cliente.<\/p>\n<p>Hay tres importantes razones por las que Vd. deber\u00eda contratar nuestros servicios :<\/p>\n<ol type=\"1\">\n<li>Usted podr\u00e1 adquirir bienes o servicios sin la inc\u00f3gnita de que el d\u00eda de ma\u00f1ana dejen de serv\u00edrselos por razones ajenas y, al mismo tiempo, podr\u00e1 vender sus productos y servicios sin problemas de impago.<\/li>\n<li>Podr\u00e1 acceder r\u00e1pida y c\u00f3modamente a una informaci\u00f3n fiable sobre todos sus futuros clientes, para hacer su empresa m\u00e1s competitiva.<\/li>\n<li>Podr\u00e1 rentabilizar los beneficios que obtenga de una forma inteligente.<\/li>\n<\/ol>\n","protected":false},"excerpt":{"rendered":"<p>EL MONASTERIO DEL COBRO ES LA UNICA COMPA\u00d1IA DEL SECTOR QUE SE ADAPTA A SUS NECESIDADES. Nuestros clientes dispondr\u00e1n de unos ejecutivos, expertos en gesti\u00f3n de cobros, sin la carga de tenerlos en n\u00f3mina dentro de la compa\u00f1\u00eda y cuya &hellip; <a href=\"http:\/\/elmonasteriodelcobro.com\/index.php\/gestion-de-cartera-de-clientes\/\">Sigue leyendo <span class=\"meta-nav\">&rarr;<\/span><\/a><\/p>\n","protected":false},"author":1,"featured_media":0,"parent":0,"menu_order":2,"comment_status":"closed","ping_status":"closed","template":"","meta":{"footnotes":""},"class_list":["post-55","page","type-page","status-publish","hentry"],"_links":{"self":[{"href":"http:\/\/elmonasteriodelcobro.com\/index.php\/wp-json\/wp\/v2\/pages\/55","targetHints":{"allow":["GET"]}}],"collection":[{"href":"http:\/\/elmonasteriodelcobro.com\/index.php\/wp-json\/wp\/v2\/pages"}],"about":[{"href":"http:\/\/elmonasteriodelcobro.com\/index.php\/wp-json\/wp\/v2\/types\/page"}],"author":[{"embeddable":true,"href":"http:\/\/elmonasteriodelcobro.com\/index.php\/wp-json\/wp\/v2\/users\/1"}],"replies":[{"embeddable":true,"href":"http:\/\/elmonasteriodelcobro.com\/index.php\/wp-json\/wp\/v2\/comments?post=55"}],"version-history":[{"count":2,"href":"http:\/\/elmonasteriodelcobro.com\/index.php\/wp-json\/wp\/v2\/pages\/55\/revisions"}],"predecessor-version":[{"id":830,"href":"http:\/\/elmonasteriodelcobro.com\/index.php\/wp-json\/wp\/v2\/pages\/55\/revisions\/830"}],"wp:attachment":[{"href":"http:\/\/elmonasteriodelcobro.com\/index.php\/wp-json\/wp\/v2\/media?parent=55"}],"curies":[{"name":"wp","href":"https:\/\/api.w.org\/{rel}","templated":true}]}}